In base 3, what is 20110020220 + -1002?
20110012211
In base 11, what is 13007270 + 1?
13007271
In base 7, what is 4 + -143665154?
-143665150
In base 15, what is b05 + 1ad6?
26db
In base 3, what is 12112102 - 201000022?
-111110220
In base 15, what is 1ea4b8c8 + 2?
1ea4b8ca
In base 16, what is 3ca2 + -1597?
270b
In base 13, what is -20 + -140a4b?
-140a6b
In base 11, what is 25a19818 + a?
25a19827
In base 5, what is -2303211 - -110124?
-2143032
In base 14, what is 2 + b822688?
b82268a
In base 3, what is -1001101111022 - 21101?
-1001101202200
In base 3, what is -2010202002100 - -2?
-2010202002021
In base 11, what is 882 - -a2198?
a2a6a
In base 14, what is 4b60 - -b7?
4c37
In base 12, what is 193 + -9a35?
-9862
In base 5, what is -40104 - 40210303?
-40300412
In base 4, what is 101110 - 22302233?
-22201123
In base 9, what is 22412 - -602?
23114
In base 5, what is 111112421 - 42231?
111020140
In base 15, what is -28a0 + 104?
-279b
In base 8, what is 136244164 + -16?
136244146
In base 6, what is 150521053 + 14?
150521111
In base 4, what is -3212211 + -20020?
-3232231
In base 3, what is 1001210212111202 + 1022?
1001210212120001
In base 13, what is -7211 - 844?
-7a55
In base 4, what is -323122 + 21301?
-301221
In base 5, what is -132440314 - 10043?
-133000412
In base 15, what is 1c239c + -c?
1c2390
In base 8, what is 1555025 + -40?
1554765
In base 10, what is 4 + 36006033?
36006037
In base 14, what is 6288 + -538?
5b50
In base 6, what is 212332323 - 21?
212332302
In base 14, what is -13 + -b99ca0?
-b99cb3
In base 13, what is -300acb + 6?
-300ac5
In base 11, what is -33594 - -3?
-33591
In base 4, what is 1322 - 221022133?
-221020211
In base 5, what is 123444333032 - 1?
123444333031
In base 16, what is 74278c - 7?
742785
In base 6, what is 102554023035 + 2?
102554023041
In base 5, what is 112311 - -32322?
200133
In base 8, what is 301 - 1216000?
-1215477
In base 14, what is 275b44 - -b7?
275c1b
In base 14, what is -2b77008 - 4?
-2b7700c
In base 15, what is 126ba84 - -5?
126ba89
In base 11, what is 70850 + 850?
715a0
In base 4, what is 2311330203 + -1310?
2311322233
In base 11, what is 653 + 121223?
121876
In base 4, what is -1 - 21200132021?
-21200132022
In base 9, what is 43608047 + -8?
43608038
In base 16, what is 17127 - 87?
170a0
In base 14, what is 1da23ab - -4?
1da23b1
In base 10, what is -117868 - -3?
-117865
In base 5, what is 1401104 - 4142?
1341412
In base 14, what is -1bd55ab - 8?
-1bd55b5
In base 9, what is 165218 - 4586?
160522
In base 15, what is 4d24cee - -1?
4d24d00
In base 4, what is -10312321 + 1231222?
-3021033
In base 5, what is 1440313434 + 10?
1440313444
In base 7, what is -406 + -143445?
-144154
In base 16, what is 2 - 2632cee?
-2632cec
In base 15, what is -1e8 + -36c7?
-38c0
In base 4, what is -1100011033 - -101?
-1100010332
In base 11, what is -143 - -622700?
622568
In base 8, what is -1367 - 25563?
-27152
In base 6, what is 1030 + -533453?
-532423
In base 4, what is 33212220 - 100312?
33111302
In base 5, what is -142233 + -11431013?
-12123301
In base 11, what is 19a4 - 10a92?
-a099
In base 9, what is -142 + 1105837?
1105685
In base 8, what is -54026447 + -153?
-54026622
In base 16, what is 5e2 - -5a6?
b88
In base 11, what is 62592618 + 2?
6259261a
In base 9, what is 270812 - 44?
270757
In base 2, what is 1011111110010101111111000 + -1?
1011111110010101111110111
In base 2, what is -100101111101101111110 + -1?
-100101111101101111111
In base 16, what is -1f + 19cc77a?
19cc75b
In base 9, what is -45 - 2262575?
-2262631
In base 3, what is 220100220211011111 - 12?
220100220211011022
In base 9, what is -1188637 - 0?
-1188637
In base 8, what is 2716462 - -4?
2716466
In base 3, what is -1 - -11100010010100?
11100010010022
In base 4, what is 11000 - -22231122?
22302122
In base 15, what is 1adc + 2c0?
1dac
In base 2, what is 1101010 + 11101001011111000?
11101001101100010
In base 11, what is -193700 + -13a5?
-194aa5
In base 16, what is -5 + 11d34a2?
11d349d
In base 15, what is -1 - -11613a2?
11613a1
In base 10, what is -78941 - -95?
-78846
In base 5, what is -204024 + -311400?
-1020424
In base 14, what is -597c56 - 10?
-597c66
In base 5, what is -312120 - -11411?
-300204
In base 11, what is 5 + 535a34a?
535a354
In base 10, what is 4277 + 4?
4281
In base 4, what is -10 - 2300213121?
-2300213131
In base 2, what is -1101111011 + -1001001000001?
-1010110111100
In base 10, what is -257 + 32731?
32474
In base 12, what is -4 + 5bb211?
5bb209
In base 2, what is 110110000000011 - -1001000101110?
111111000110001
In base 11, what is 127669 - -12?
127680
In base 9, what is -16088404 + 5?
-16088388
In base 12, what is -1a85 - -142b?
-656
In base 14, what is 7 + -17b836?
-17b82d
In base 10, what is -3457 + 3672?
215
In base 11, what is 3a1 + -3590?
-319a
In base 6, what is -4344101220 - 10?
-4344101230
In base 15, what is -65 + 170a1?
1703b
In base 10, what is -57537472 - -1?
-57537471
In base 10, what is -40 - -262307?
262267
In base 10, what is -396269807 + 4?
-396269803
In base 8, what is 2422007 + 312?
2422321
In base 3, what is -122110 - -210220010?
210020200
In base 12, what is -2b826958 - -2?
-2b826956
In base 7, what is -5512641 + -163?
-5513134
In base 8, what is -37 + -175626?
-175665
In base 8, what is 3 + -16162127?
-16162124
In base 4, what is 2022110 - -10032231?
12121001
In base 8, what is -5 + -10162456?
-10162463
In base 10, what is 64332833 - 2?
64332831
In base 16, what is -8bed + -1b2f?
-a71c
In base 8, what is -5 + 17032753?
17032746
In base 5, what is -122013 - -11132?
-110331
In base 8, what is -726140 + -2?
-726142
In base 2, what is -1100010010110001110111101110 - -11?
-1100010010110001110111101011
In base 4, what is -121323211 - -102232?
-121220313
In base 10, what is 2 - -22418279?
22418281
In base 16, what is -9ad - -41932?
40f85
In base 6, what is -53504 + -10315?
-104223
In base 4, what is -21200233101 + 3?
-21200233032
In base 8, what is 74541 - -2272?
77033
In base 7, what is -35 - 3641653?
-3642021
In base 5, what is -11311 - 13232?
-30043
In base 13, what is -6c1143 + -2c?
-6c1172
In base 4, what is 1001200311 - -3122?
1001210033
In base 9, what is -2 - -7512433?
7512431
In base 12, what is b78 + 1b313?
2028b
In base 7, what is -2 + 1645021255?
1645021253
In base 16, what is 37a + 151?
4cb
In base 13, what is 455 - -a956?
b0ab
In base 13, what is 5 + 1a52a7?
1a52ac
In base 4, what is 3 - -113133201?
113133210
In base 15, what is -9a - 2dd?
-388
In base 2, what is 10001001110101 - -1111100100101?
100000110011010
In base 5, what is 0 - -231220244?
231220244
In base 6, what is 44300 - 22402?
21454
In base 2, what is 110 - 111101000011001000?
-111101000011000010
In base 10, what is -2417 - -706?
-1711
In base 3, what is -2022211 - -2121012202?
2111212221
In base 7, what is -1143226533 - 2?
-1143226535
In base 13, what is -789 - 240c?
-2b98
In base 11, what is 6a - -234708?
234777
In base 13, what is -299 + -784?
-a50
In base 7, what is 1050150 + 222?
1050402
In base 11, what is -3872907 + -4?
-3872910
In base 4, what is 0 + -3222002333002?
-3222002333002
In base 15, what is b - 33e4c?
-33e41
In base 13, what is -38 + 28760?
28725
In base 15, what is 990d2b + 1?
990d2c
In base 5, what is -12040434 + 1131?
-12034303
In base 16, what is 1056b - 7f?
104ec
In base 5, what is 20 + 1103410144?
1103410214
In base 2, what is 1111010100110101101110 - -11?
1111010100110101110001
In base 15, what is -1119a - -3e2?
-10ca8
In base 8, what is -765 + 1324700?
1323713
In base 6, what is 143302153 - -100?
143302253
In base 16, what is 187e8 - -105?
188ed
In base 15, what is 102e + 26ad?
36dc
In base 16, what is 212c5 - c?
212b9
In base 5, what is 23 - 24421200?
-24421122
In base 4, what is 22003102001 - -121?
22003102122
In base 13, what is -3 + -3a2112?
-3a2115
In base 2, what is -1100101010110011101 - -1110?
-1100101010110001111
In base 12, what is 14909 + 166b8?
2b405
In base 13, what is b269 + -132a?
9c3c
In base 16, what is -3 + 1e05dd3?
1e05dd0
In base 16, what is 1448 - 1535?
-ed
In base 8, what is 1536444752 + 4?
1536444756
In base 6, what is -41 + 20330512?
20330431
In base 9, what is 161 + 25581?
25752
In base 15, what is 419 + 22d?
647
In base 2, what is -10100101 - 101010111110101001110?
-101010111110111110011
In base 16, what